{"id":138,"date":"2014-05-18T18:38:19","date_gmt":"2014-05-18T16:38:19","guid":{"rendered":"http:\/\/computerservice-markneukirchen.de\/?page_id=138"},"modified":"2019-08-02T17:01:39","modified_gmt":"2019-08-02T15:01:39","slug":"hilfe-und-support","status":"publish","type":"page","link":"https:\/\/computerservice-markneukirchen.de\/?page_id=138","title":{"rendered":"Hilfe und Support"},"content":{"rendered":"<p><span style=\"color: #000000;\">Hier seht Ihr eine Auswahl von Produkten und Marken f\u00fcr die ich einen technischen Support habe. Aber auch andere Ger\u00e4te k\u00f6nnt Ihr mir vorstellen.<\/span><\/p>\n<p>&nbsp;<\/p>\n<p><a href=\"https:\/\/i0.wp.com\/computerservice-markneukirchen.de\/wp-content\/uploads\/2014\/05\/Logobild.jpg\"><img loading=\"lazy\" decoding=\"async\" data-attachment-id=\"139\" data-permalink=\"https:\/\/computerservice-markneukirchen.de\/?attachment_id=139\" data-orig-file=\"https:\/\/i0.wp.com\/computerservice-markneukirchen.de\/wp-content\/uploads\/2014\/05\/Logobild.jpg?fit=800%2C600&amp;ssl=1\" data-orig-size=\"800,600\" data-comments-opened=\"1\" data-image-meta=\"{&quot;aperture&quot;:&quot;0&quot;,&quot;credit&quot;:&quot;&quot;,&quot;camera&quot;:&quot;&quot;,&quot;caption&quot;:&quot;&quot;,&quot;created_timestamp&quot;:&quot;0&quot;,&quot;copyright&quot;:&quot;&quot;,&quot;focal_length&quot;:&quot;0&quot;,&quot;iso&quot;:&quot;0&quot;,&quot;shutter_speed&quot;:&quot;0&quot;,&quot;title&quot;:&quot;&quot;}\" data-image-title=\"Logobild\" data-image-description=\"\" data-image-caption=\"\" data-medium-file=\"https:\/\/i0.wp.com\/computerservice-markneukirchen.de\/wp-content\/uploads\/2014\/05\/Logobild.jpg?fit=300%2C225&amp;ssl=1\" data-large-file=\"https:\/\/i0.wp.com\/computerservice-markneukirchen.de\/wp-content\/uploads\/2014\/05\/Logobild.jpg?fit=710%2C533&amp;ssl=1\" class=\"alignleft wp-image-139 size-full\" src=\"https:\/\/i0.wp.com\/computerservice-markneukirchen.de\/wp-content\/uploads\/2014\/05\/Logobild.jpg?resize=710%2C533\" alt=\"Logobild\" width=\"710\" height=\"533\" srcset=\"https:\/\/i0.wp.com\/computerservice-markneukirchen.de\/wp-content\/uploads\/2014\/05\/Logobild.jpg?w=800&amp;ssl=1 800w, https:\/\/i0.wp.com\/computerservice-markneukirchen.de\/wp-content\/uploads\/2014\/05\/Logobild.jpg?resize=300%2C225&amp;ssl=1 300w\" sizes=\"auto, (max-width: 710px) 100vw, 710px\" data-recalc-dims=\"1\" \/><\/a><\/p>\n","protected":false},"excerpt":{"rendered":"<p>Hier seht Ihr eine Auswahl von Produkten und Marken f\u00fcr die ich einen technischen Support habe. Aber auch andere Ger\u00e4te k\u00f6nnt Ihr mir vorstellen. &nbsp;<\/p>\n","protected":false},"author":1,"featured_media":0,"parent":0,"menu_order":0,"comment_status":"closed","ping_status":"closed","template":"","meta":{"ngg_post_thumbnail":0,"jetpack_post_was_ever_published":false,"footnotes":""},"class_list":["post-138","page","type-page","status-publish","hentry"],"jetpack_sharing_enabled":true,"jetpack_shortlink":"https:\/\/wp.me\/P73ukh-2e","jetpack-related-posts":[{"id":722,"url":"https:\/\/computerservice-markneukirchen.de\/?page_id=722","url_meta":{"origin":138,"position":0},"title":"Reparatur","date":"2. August 2019","format":false,"excerpt":"Die meisten Nutzer haben sich ihr Ger\u00e4t nach ihren W\u00fcnschen eingerichtet . Alle Daten und Programm wurden so angelegt wie man sie am besten nutzen kann. Drucker, Scanner und andere Ger\u00e4te funktionieren tadellos. Jetzt streikt der PC oder Laptop und nichts geht mehr ! Aber nicht bei jedem defekt muss\u2026","rel":"","context":"\u00c4hnlicher Beitrag","img":{"alt_text":"","src":"","width":0,"height":0},"classes":[]},{"id":459,"url":"https:\/\/computerservice-markneukirchen.de\/?page_id=459","url_meta":{"origin":138,"position":1},"title":"DSL und W-Lan Einrichtung","date":"21. Februar 2015","format":false,"excerpt":"Sie m\u00fcssen sich nicht durch \u201eService\u201c-Hotlines qu\u00e4len: Ich bringe Sie zuhause drahtlos ins Internet. Inklusive Konfiguration von WLAN-Router und DSL-Modem und Einbindung von einem PC oder einem Notebook ins WLAN-Netzwerk. Das wird gemacht: Ich komme zu Ihnen nach Hause Ich schlie\u00dfe den Router und konfiguriere ihn Ich sichere das Netzwerk\u2026","rel":"","context":"\u00c4hnlicher Beitrag","img":{"alt_text":"","src":"","width":0,"height":0},"classes":[]},{"id":453,"url":"https:\/\/computerservice-markneukirchen.de\/?page_id=453","url_meta":{"origin":138,"position":2},"title":"Einrichtung","date":"21. Februar 2015","format":false,"excerpt":"Neuger\u00e4teeinrichtung Sie m\u00f6chten sofort mit Ihrem neuen PC oder Notebook loslegen? Dann finden Sie hier den perfekten Service. Ich richte Ihren PC oder Ihr Notebook ein und k\u00fcmmere mich um alle erforderlichen Installationen. Das wird gemacht: fertigstellen der Windowsinstallation aktivieren des Betriebssystem \u00fcberfl\u00fcssige Systemdienste und Autostartprogramme beenden alle erforderlichen Updates\u2026","rel":"","context":"\u00c4hnlicher Beitrag","img":{"alt_text":"","src":"","width":0,"height":0},"classes":[]},{"id":455,"url":"https:\/\/computerservice-markneukirchen.de\/?page_id=455","url_meta":{"origin":138,"position":3},"title":"Daten\u00fcbernahme","date":"21. Februar 2015","format":false,"excerpt":"Daten\u00fcbernahme Die \u00dcbernahme von Daten auf einen neuen PC oder ein neues Notebook ist eine m\u00fchselige Arbeit, bei der nichts schiefgehen sollte. Diesen Aufwand nehmen wir Ihnen gerne ab und \u00fcbertragen auch gro\u00dfe Mengen von 1 Terabyte eigener Dateien. Das wird gemacht: \u00dcbernahme Ihre Daten bis 1 Terabyte von dem\u2026","rel":"","context":"\u00c4hnlicher Beitrag","img":{"alt_text":"","src":"","width":0,"height":0},"classes":[]},{"id":629,"url":"https:\/\/computerservice-markneukirchen.de\/?page_id=629","url_meta":{"origin":138,"position":4},"title":"Datenschutzerkl\u00e4rung","date":"26. April 2018","format":false,"excerpt":"\u00a0 \u00a0 Der Betreiber dieser Seite nimmtden Schutz Ihrer pers\u00f6nlichen Daten sehr ernst. Ich behandle Ihre personenbezogenen Datenvertraulich und entsprechend der gesetzlichen Datenschutzvorschriften sowie dieserDatenschutzerkl\u00e4rung. Ich weise darauf hin, dass die Daten\u00fcbertragung im Internet(z.B. bei der Kommunikation per E-Mail) Sicherheitsl\u00fccken aufweisen kann. Ein l\u00fcckenloserSchutz der Daten vor dem Zugriff durch\u2026","rel":"","context":"\u00c4hnlicher Beitrag","img":{"alt_text":"","src":"","width":0,"height":0},"classes":[]},{"id":77,"url":"https:\/\/computerservice-markneukirchen.de\/?page_id=77","url_meta":{"origin":138,"position":5},"title":"Kontakt \/ Impressum \/AGB","date":"16. Mai 2014","format":false,"excerpt":"BeMa Line EDV Tino Behrens \u00a0 \u00a0 \u00a0Computerservice und Technische Fragen be_ma(at)t-online.de \u00a0 08258 Markneukirchen Pestalozzistra\u00dfe 84 Tel.: 037422 - 46921 \u00a0oder 01703591546 E-Mail : be_ma(at)t-online.de www.computerservice-markneukirchen.de \u00a0Datenschutzbeauftragter : Tino Behrens Pestalozzistra\u00dfe\u00a0 84 08258 Markneukirchen E-Mail: be_ma(at)t-online.de Allgemeine Gesch\u00e4ftsbedingungen und Informationen : Allgemeine Gesch\u00e4ftsbedingungen f\u00fcr K\u00e4ufe im Onlineshop unter BeMa\u2026","rel":"","context":"\u00c4hnlicher Beitrag","img":{"alt_text":"","src":"","width":0,"height":0},"classes":[]}],"jetpack_likes_enabled":true,"_links":{"self":[{"href":"https:\/\/computerservice-markneukirchen.de\/index.php?rest_route=\/wp\/v2\/pages\/138","targetHints":{"allow":["GET"]}}],"collection":[{"href":"https:\/\/computerservice-markneukirchen.de\/index.php?rest_route=\/wp\/v2\/pages"}],"about":[{"href":"https:\/\/computerservice-markneukirchen.de\/index.php?rest_route=\/wp\/v2\/types\/page"}],"author":[{"embeddable":true,"href":"https:\/\/computerservice-markneukirchen.de\/index.php?rest_route=\/wp\/v2\/users\/1"}],"replies":[{"embeddable":true,"href":"https:\/\/computerservice-markneukirchen.de\/index.php?rest_route=%2Fwp%2Fv2%2Fcomments&post=138"}],"version-history":[{"count":5,"href":"https:\/\/computerservice-markneukirchen.de\/index.php?rest_route=\/wp\/v2\/pages\/138\/revisions"}],"predecessor-version":[{"id":669,"href":"https:\/\/computerservice-markneukirchen.de\/index.php?rest_route=\/wp\/v2\/pages\/138\/revisions\/669"}],"wp:attachment":[{"href":"https:\/\/computerservice-markneukirchen.de\/index.php?rest_route=%2Fwp%2Fv2%2Fmedia&parent=138"}],"curies":[{"name":"wp","href":"https:\/\/api.w.org\/{rel}","templated":true}]}}